{"id":8494,"date":"2025-09-03T15:42:54","date_gmt":"2025-09-03T14:42:54","guid":{"rendered":"https:\/\/recode.law\/?post_type=event_listing&#038;p=8494"},"modified":"2025-10-09T00:50:30","modified_gmt":"2025-10-08T23:50:30","slug":"workshop-mit-fieldfisher-x-in-berlin-ki-im-juristischen-kontext","status":"expired","type":"event_listing","link":"https:\/\/recode.law\/en\/event\/workshop-mit-fieldfisher-x-in-berlin-ki-im-juristischen-kontext\/","title":{"rendered":"Workshop mit Fieldfisher X in Berlin &#8211; KI im juristischen Kontext"},"content":{"rendered":"<p><span style=\"font-weight: 400\">K\u00fcnstliche Intelligenz (KI) ist l\u00e4ngst nicht mehr nur ein Schlagwort, sondern ver\u00e4ndert bereits heute zahlreiche Branchen \u2013 auch die Rechtswelt. Mit unserem ganzt\u00e4gigen Workshop \u201eKI im juristischen Kontext\u201c, den wir gemeinsam mit <strong>Fieldfisher<\/strong> <\/span>und ihrer Legal Tech &amp; Operations Unit<b> Fieldfisher X<\/b><span style=\"font-weight: 400\"> veranstalten, m\u00f6chten wir die Chancen, Herausforderungen und praktischen Einsatzm\u00f6glichkeiten von KI im Recht erlebbar machen.<\/span><\/p>\n<p><span style=\"font-weight: 400\">Der Workshop verbindet Impulse, interaktive Diskussionen und eine praxisnahe Challenge. Teilnehmer:innen erhalten die M\u00f6glichkeit, sich mit f\u00fchrenden Expert:innen auszutauschen, ihr Wissen zu vertiefen und in Teams eigene Ideen zu entwickeln.<\/span><\/p>\n<p><span style=\"font-weight: 400\">Am Abend rundet die LegalTechNight das Programm ab \u2013 mit Networking, Drinks und spannenden Gespr\u00e4chen in entspannter Atmosph\u00e4re.<\/span><\/p>\n<p><strong>F\u00fcr wen ist der Workshop gedacht?\u00a0<\/strong><\/p>\n<p><span style=\"font-weight: 400\">Der Workshop richtet sich an Studierende, Young Professionals, Praktiker:innen und alle Interessierten, die sich mit den aktuellen Entwicklungen rund um KI im Recht auseinandersetzen wollen. Vorkenntnisse sind nicht erforderlich \u2013 Neugier und Offenheit gen\u00fcgen! <\/span>Bitte denkt daran, euren <strong>eigenen Laptop<\/strong> mitzubringen. \ud83d\ude42<\/p>\n<p><strong>Anmeldeschluss ist der 28.09.2025!<\/strong><\/p>\n<p><span style=\"font-weight: 400\">\ud83d\udc49 <\/span><i><span style=\"font-weight: 400\">\u201eSei dabei, wenn wir gemeinsam einen Blick in die Zukunft der juristischen Recherche werfen \u2013 meld dich jetzt an und sichern dir deinen Platz!<\/span><\/i><\/p>","protected":false},"featured_media":8495,"template":"","meta":{"_acf_changed":false,"_lmt_disableupdate":"no","_lmt_disable":""},"event_listing_category":[],"event_listing_type":[],"class_list":["post-8494","event_listing","type-event_listing","status-expired","has-post-thumbnail","hentry"],"acf":[],"_links":{"self":[{"href":"https:\/\/recode.law\/en\/wp-json\/wp\/v2\/event_listing\/8494","targetHints":{"allow":["GET"]}}],"collection":[{"href":"https:\/\/recode.law\/en\/wp-json\/wp\/v2\/event_listing"}],"about":[{"href":"https:\/\/recode.law\/en\/wp-json\/wp\/v2\/types\/event_listing"}],"wp:featuredmedia":[{"embeddable":true,"href":"https:\/\/recode.law\/en\/wp-json\/wp\/v2\/media\/8495"}],"wp:attachment":[{"href":"https:\/\/recode.law\/en\/wp-json\/wp\/v2\/media?parent=8494"}],"wp:term":[{"taxonomy":"event_listing_category","embeddable":true,"href":"https:\/\/recode.law\/en\/wp-json\/wp\/v2\/event_listing_category?post=8494"},{"taxonomy":"event_listing_type","embeddable":true,"href":"https:\/\/recode.law\/en\/wp-json\/wp\/v2\/event_listing_type?post=8494"}],"curies":[{"name":"wp","href":"https:\/\/api.w.org\/{rel}","templated":true}]}}

<p><span style="font-weight: 400">Künstliche Intelligenz (KI) ist längst nicht mehr nur ein Schlagwort, sondern verändert bereits heute zahlreiche Branchen – auch die Rechtswelt. Mit unserem ganztägigen Workshop „KI im juristischen Kontext“, den wir gemeinsam mit <strong>Fieldfisher</strong> </span>und ihrer Legal Tech &amp; Operations Unit<b> Fieldfisher X</b><span style="font-weight: 400"> veranstalten, möchten wir die Chancen, Herausforderungen und praktischen Einsatzmöglichkeiten von KI im Recht erlebbar machen.</span></p>
<p><span style="font-weight: 400">Der Workshop verbindet Impulse, interaktive Diskussionen und eine praxisnahe Challenge. Teilnehmer:innen erhalten die Möglichkeit, sich mit führenden Expert:innen auszutauschen, ihr Wissen zu vertiefen und in Teams eigene Ideen zu entwickeln.</span></p>
<p><span style="font-weight: 400">Am Abend rundet die LegalTechNight das Programm ab – mit Networking, Drinks und spannenden Gesprächen in entspannter Atmosphäre.</span></p>
<p><strong>Für wen ist der Workshop gedacht? </strong></p>
<p><span style="font-weight: 400">Der Workshop richtet sich an Studierende, Young Professionals, Praktiker:innen und alle Interessierten, die sich mit den aktuellen Entwicklungen rund um KI im Recht auseinandersetzen wollen. Vorkenntnisse sind nicht erforderlich – Neugier und Offenheit genügen! </span>Bitte denkt daran, euren <strong>eigenen Laptop</strong> mitzubringen. 🙂</p>
<p><strong>Anmeldeschluss ist der 28.09.2025!</strong></p>
<p><span style="font-weight: 400">👉 </span><i><span style="font-weight: 400">„Sei dabei, wenn wir gemeinsam einen Blick in die Zukunft der juristischen Recherche werfen – meld dich jetzt an und sichern dir deinen Platz!</span></i></p>
